= -5*b + 6, 2*k - 14 = 13*b - 10*b. Let c(q) = q**2 + 5*q + 4. Let a(v) = v**2 + 4*v + 2. Let d(i) = k*a(i) - 3*c(i). Determine d(-4).
8
Let r be (-4 - 5) + 8 - 8/(-2). Let v(g) = -7*g + 7 - 76*g**3 - 1 + 75*g**r - 9*g**2. What is v(-8)?
-2
Let v(r) = -10 - 101943*r**2 + 101942*r**2 - 20*r + 15*r. Calculate v(-6).
-16
Let p(s) = 11*s + 64 - 141 + 69. Let k(l) = 10*l - 7. Let x(v) = -7*k(v) + 6*p(v). Determine x(-2).
9
Suppose 3*c + 85 = d, -2*d = -d + 3*c - 73. Suppose -13 = 2*q + 5*t, -t + d - 66 = 3*q. Let p(f) = -f**2 + 5*f - 8. Determine p(q).
-14
Let v(r) = 7*r**3 - 2*r - 1. Let h(o) = o**2 - 11*o - 4. Let x be h(6). Let k = -18 - x. Let t = 15 - k. Determine v(t).
-6
Suppose -t - 4*t + 10 = 0. Let y(w) be the third derivative of -w**4/6 + 1231*w**2. What is y(t)?
-8
Suppose -n + 23 = -6*n - o, -4*n - 31 = 5*o. Let b(g) = -8*g + 2*g + 4*g + 4 + 7 - 13. Give b(n).
6
Let y be (1 - 0) + (-2)/2. Let v(q) be the third derivative of 2/3*q**3 + 1/60*q**5 + 0*q + q**2 - 14 - 1/24*q**4. What is v(y)?
4
Let l(o) be the first derivative of -o**4/4 - 31*o**3/3 - 42*o**2 - 4*o - 2842. Determine l(-28).
-4
Let s(q) = -q. Let j(a) = 10*a + 22. Let o(d) = -12*d - 21. Let r(f) = -4*j(f) - 3*o(f). Let t be r(-5). What is s(t)?
5
Let h(r) = -33 - 74 + 5 + 25*r - 123. What is h(9)?
0
Let l = 1106 - 1104. Let y(v) = 2*v**2 - 3*v. Give y(l).
2
Let a = 15 - 15. Let f be 18/15*(15 - 10). Suppose -u + f + 1 = a. Let d(h) = h**2 - 8*h + 10. Give d(u).
3
Suppose -7*o + 2 = -6*o. Suppose -3*y + 122 = -o*n + 6*n, n - 3*y = 38. Suppose n*b = 34*b + 14. Let a(k) = -2*k - 1. What is a(b)?
13
Let y(a) = -a. Let l be y(-4). Suppose l*c = -0*c + 3*c. Let z(h) = -h**3 - 18*h**2 + 17*h**2 + 4*h**3 - 2*h**3 - 19. Give z(c).
-19
Let c(u) = 3*u - 688. Let t(q) = 98. Let x(y) = -6*c(y) - 42*t(y). Determine x(4).
-60
Let n = -107425/6 - -17905. Let u(v) be the third derivative of -1/6*v**4 + 0 + 0*v - 20*v**2 + n*v**3. What is u(5)?
-15
Let m(v) = -v - 3. Let o be (-2 - 2) + -2*4/(-8). Let z(i) = i**3 + 5*i**2 - 12. Let x be z(o). What is m(x)?
-9
Let s(u) = -78*u**3 + 21*u**2 + u - 4. Let v(h) = -14*h**3 + 4*h**2 - 1. Let w(p) = 2*s(p) - 11*v(p). Suppose -5*k - 2*n - 4 = -2, 4 = 2*k + 2*n. Give w(k).
7
Let j(w) = -6*w**3 - w. Let x be ((-5)/(-10))/((-1)/(-4)). Suppose 0 = y - 4, -x*y - 3*y + 24 = 2*m. Suppose -n + 4 = -5*i, 0 = m*i + 2*i + 4. Give j(n).
7
Let n(c) = -15*c + 53. Let o be n(4). Let l(q) be the second derivative of -q**3/3 - 2*q**2 - 21*q - 11. Give l(o).
10
Let x(n) = -n + 4. Let q(l) be the first derivative of -l**2/2 + 3*l - 1. Let z(y) = 3*q(y) - 2*x(y). Let a = 41063 + -41064. Calculate z(a).
2
Let c(i) = -2*i**3 - 6*i**2 - 37*i - 117. Let b be c(-3). Let n(a) = a**2 + 8*a - 1. Determine n(b).
-13
Let y(a) be the second derivative of a**4/2 + 2*a**3/3 - 9*a**2/2 - 62*a. Give y(2).
23
Let d(h) = h**2 - 9*h + 9. Let f be -1*30/4*-2. Let v be (18/f)/((-2)/(-10)). Let u be v*(-2 + 38/12). Calculate d(u).
-5
Let k(r) = -5 + 30*r - 23*r - 7*r**2 + 4 + 4*r**2 - 6*r. Let m = 41 - 44. Calculate k(m).
-31
Let v(y) = y**3 - 4*y**2 + 14*y - 5. Let q(o) be the first derivative of o**3/3 + o**2/2 + o + 5. Let f(a) = -5*q(a) + v(a). What is f(8)?
-2
Let j(f) be the second derivative of f**4/12 - 3*f**3/2 - 11*f**2/2 + f. Let v be (-1 + -89)*(-140)/175. Let g = v - 62. What is j(g)?
-1
Let s(l) = 3*l**2 - 2*l + 1. Let y(f) = 7*f**2 - 16*f + 12*f + 0*f**2 + 2. Let x(k) = 5*s(k) - 2*y(k). Suppose t - 7 = -2. What is x(t)?
16
Let u(o) = -2*o - 2. Suppose 0 = a + 3, -3*b + a - 3*a - 6 = 0. Suppose b = 6*h + 77 + 43. Let t = -22 - h. What is u(t)?
2
Let p(g) = -g**2 - g. Let o(v) = v**3 + v**2 - 5*v + 8. Let x(i) = o(i) - 3*p(i). Give x(-6).
-52
Let a(y) = -y**3 + 10*y**2 - 1. Let g(b) = -4*b**3 + 106*b**2 - 239*b + 61. Let r(i) = -5*a(i) + g(i). Determine r(-60).
6
Suppose -65 = -32*u + 415. Let b(m) = -6*m + 78. What is b(u)?
-12
Let h(u) be the first derivative of 8*u**2 - u - 14. Suppose -19*c + 21 = -55. Suppose -c = 12*n - 16. Determine h(n).
15
Suppose -6*v - 3*v + 2*v = 7*v. Let x(t) = t**3 + t**2 + 3*t + 43. Give x(v).
43
Let p(i) = i**3 + 5*i**2 - 2*i - 3. Let f(t) = 3 + 3 - t - 1 + 2. Let l(r) = -5*r - 13. Let b be l(-5). Let q be f(b). Determine p(q).
7
Suppose 0 = -3*u - 4*x + 26, 19 = 5*u - 3*u + 3*x. Let s be 4/((-24)/30) + 6192. Let m(h) = -3*h**2 - 3 - s*h + 6190*h - h**2. Give m(u).
-13
Let a(v) = 902*v + 8*v**2 - 1811*v + 906*v - v**3 - 28. Calculate a(7).
0
Suppose 21*z + 27 = 24*z. Let l be 1/(6/(-9))*(3 - z). Let j(w) = w - l - w - 6*w + 8*w. What is j(7)?
5
Let q(j) = -j**3 - 6*j**2 + 8*j - 4. Let r(y) = -y**2 - 4*y + 22. Let m be r(-6). Suppose 2*c + h = c + 16, c - h = m. Suppose -5*d = 22 + c. Determine q(d).
-11
Let q(x) = -x**3 + 13*x**2 + 14*x - 3. Let z = -121 + 135. Give q(z).
-3
Suppose 4*u + 12 = -y + 3*y, u + 10 = 4*y. Suppose 4*b - y = -2*m - 12, m + 12 = 5*b. Let s(d) = -2*d - 5. Determine s(m).
9
Let z(p) = 77 - 6*p**2 + p**3 - 4*p + 37 - 111. Give z(6).
-21
Let j(s) = 15*s**2 + 24 + 11 - 16*s**2 + 8 - 10*s + 2. Calculate j(-14).
-11
Let q(x) = -3 - 3*x - 6*x + x**2 + 9*x. Let z = -1615 - -1615. What is q(z)?
-3
Let k(v) = -v**3 + 82 + 75 + 33*v - 211 - 7*v**2 + 83. Give k(-10).
-1
Suppose 2 = 10*x - 18. Let s(l) = -12*l + 28*l**3 - 29*l**3 - 15 + 17*l**2 - l**2 - 2*l**x + 0*l**2. Give s(13).
-2
Let z be (-66)/(-2 + (-4 - (-1 + -3))). Let j = z - 38. Let n(t) = 8*t**2 + 2*t + 3. Let i(v) = -15*v**2 - 5*v - 7. Let r(y) = j*n(y) - 2*i(y). What is r(1)?
-11
Let y(o) = -2*o + 31. Let n(d) = 2*d**2 - 7*d + 10. Let w be n(4). Let b be y(w). Let g(x) = b*x - 2*x - 4*x - x**2 + 3. Calculate g(2).
-7
Let l(i) = 10*i + 7. Let t be l(5). Suppose 6*k = -8*k + 56. Let d(w) = 8*w + t*w**2 + 2 + k - 58*w**2. Determine d(9).
-3
Suppose -2*j = -6*j - 156. Let i be 14/6 + 130/j. Let z(h) = 4*h + 0*h - h. Calculate z(i).
-3
Let i(m) = 4*m**2 + 61*m + 235. Let p be i(-7). Let l(x) = x**2 - 4*x + 4. Give l(p).
4
Let x(o) be the second derivative of o**4/12 - 13*o**3/6 + 3*o**2 - 530*o + 2. Calculate x(15).
36
Let d(s) = -2*s**2 - 3*s - 1. Let t(r) = -5*r**2 - 5*r - 3. Suppose 6 = -5*n - 29. Let m(x) = n*d(x) + 3*t(x). Let c be (-2)/(2/1)*-5. Determine m(c).
3
Let l(k) = -9*k - 74*k**2 + 0 + 5 + 73*k**2. Let z(m) = -249*m - 259. Let r be z(-1). Calculate l(r).
-5
Let m(v) be the third derivative of -v**6/120 - 2*v**5/15 - v**4/6 + 13*v**3/6 + 17*v**2 - 6. Determine m(-7).
-8
Let c(v) = v**2 + 312*v + 562. Let h(r) = -r**2 - 356*r - 561. Let k(j) = -7*c(j) - 6*h(j). What is k(-28)?
-8
Let n be 2/33 - 402/99. Let m(x) = -x**2 + 68*x + 286. Determine m(n).
-2
Suppose -2*o - 705*v = -708*v - 2, 18 = 3*o + 3*v. Let r(c) = 29*c - 96. Determine r(o).
20
Let r(l) = -3*l - 7. Suppose -2*y = w + 9, 32*y + 2*w = 29*y - 13. Calculate r(y).
8
Let t = 648 + -644. Let m(v) = -t - 22*v - 8 + 2 + 23*v. Determine m(0).
-10
Let l(w) be the third derivative of w**6/60 + w**5/15 + w**4/8 + w**3/3 + 3*w**2. Let f(s) = -3*s**2 - 13*s + 8. Let a be f(-5). Give l(a).
-4
Let d(x) be the second derivative of x**5/20 + 2*x**4/3 + x**3 - 4*x**2 + x. Let h(c) = 4*c**2 - 298*c + 5037. Let l be h(26). What is d(l)?
-1
Let q(v) = -v**2 - 2*v - 7. Let f(n) = 5*n**2 + 311*n + 62. Let u be f(-62). What is q(u)?
-7
Let a = 64 + -62. Let x(k) = -k**2 - 2*k**2 + 4*k**2 + 2 - 2*k + 0*k**a. Let r(s) = s**2 + 6*s + 7. Let n be r(-5). What is x(n)?
2
Let f(t) = 5*t**3 - 27*t**2 - 84*t + 24. Let d(r) = -22*r**3 + 110*r**2 + 335*r - 91. Let k(o) = 3*d(o) + 13*f(o). Calculate k(-15).
-6
Let j be 9/(-18)*(5 - 5 - -22). Let d(u) = -u - 8. Calculate d(j).
3
Let g(m) = 34*m + 23*m**3 - 5*m - 15*m**3 - 10*m**3 + 12*m**2 - 6 - 69*m**2. Determine g(-29).
-6
Suppose 22*f + 2*f = -1584. Let x = 72 + f. Let u(w) = -w**3 - w. Let q(l) = 5*l**3 - 7*l**2 + 11*l - 3. Let t(z) = q(z) + 4*u(z). Determine t(x).
3
Suppose -7*z + 45 = -5*t - 6*z, 0 = 3*t - z + 29. Let g(m) be the first derivative of 2*m**2 + m + 27. Determine g(t).
-31
Suppose 10 = -0*k + 2*k. Suppose -21 = 6*c - 13*c. Let n(z) = -137 + z**c + 6*z**2 + 131 - 2*z**3 - 5*z. Determine n(k).
-6
Suppose -5*u + 27*u - 792 = 0. Let n(m) = m**3 - 33*m**2 - 108*m + 11. Let g be n(u). Let z(r) = r - 20. Determine z(g).
-9
Let m(t) = -13*t + 6*t**2 - 2 + 5 - 8 - 3*t**2